ple of 7?
True
Is 79824 a multiple of 48?
True
Is 8248084 a multiple of 26?
True
Is 46 a factor of 28380235?
False
Does 1367 divide 10703610?
True
Is 69 a factor of 31857747?
False
Is 711480 a multiple of 77?
True
Does 174 divide 328094?
False
Is 36 a factor of 884736?
True
Is 6 a factor of 2043124?
False
Does 17 divide 221918?
True
Is 1883886 a multiple of 850?
False
Is 2 a factor of 38344?
True
Is 2578059 a multiple of 33?
True
Is 169460 a multiple of 148?
True
Does 668 divide 802268?
True
Is 22 a factor of 10054132?
True
Is 5976227 a multiple of 188?
False
Is 3 a factor of 13802?
False
Does 24 divide 120672?
True
Does 39 divide 303030?
True
Does 2 divide 21751?
False
Is 103408 a multiple of 23?
True
Is 31 a factor of 4451901?
False
Is 530 a factor of 84800?
True
Does 181 divide 1975333?
False
Is 116308 a multiple of 29?
False
Does 7 divide 5477374?
True
Does 38 divide 1588476?
True
Is 41849 a multiple of 40?
False
Is 82543 a multiple of 419?
True
Is 640 a factor of 7276499?
False
Is 132808 a multiple of 26?
True
Is 16 a factor of 347392?
True
Does 91 divide 15663648?
True
Does 33 divide 2587662?
True
Is 6 a factor of 1393324?
False
Does 24 divide 83616?
True
Is 28692 even?
True
Is 9 a factor of 1065799?
False
Is 499536 a multiple of 36?
True
Is 9220820 a multiple of 14?
True
Is 694512 a multiple of 252?
True
Does 173 divide 737608?
False
Does 142 divide 8281738?
False
Does 27 divide 159543?
True
Is 70 a factor of 147467?
False
Is 133342 a multiple of 242?
True
Is 97 a factor of 12150514?
False
Is 362651 a multiple of 139?
True
Is 2459 a factor of 5045868?
True
Is 3898138 a multiple of 298?
True
Does 56 divide 3708600?
True
Is 104 a factor of 16479?
False
Does 35 divide 7928581?
False
Does 4 divide 146126?
False
Is 102 a factor of 19237608?
True
Is 4257 a multiple of 11?
True
Does 320 divide 153697?
False
Is 9597027 a multiple of 17?
True
Is 55 a factor of 27310030?
True
Is 22662 a multiple of 9?
True
Does 10 divide 11895110?
True
Is 1411124 a multiple of 31?
False
Is 645778 a multiple of 14?
True
Is 11 a factor of 6527612?
False
Is 5 a factor of 249?
False
Is 6 a factor of 444909?
False
Is 8904540 a multiple of 114?
True
Does 151 divide 3555191?
False
Is 2 a factor of 1236346?
True
Is 66 a factor of 8591?
False
Is 38367 a multiple of 29?
True
Is 6218064 a multiple of 9?
True
Does 57 divide 322620?
True
Does 21 divide 28371?
True
Is 41 a factor of 2789640?
True
Is 56 a factor of 231993?
False
Does 5 divide 87785?
True
Does 17 divide 6362369?
True
Is 65768 a multiple of 8?
True
Is 8715385 a multiple of 11?
False
Does 1038 divide 4213426?
False
Is 6 a factor of 83688?
True
Is 580 a factor of 937349?
False
Does 5 divide 866062?
False
Is 1461785 a multiple of 523?
True
Does 58 divide 10736437?
False
Is 9920 a multiple of 10?
True
Is 43570 a multiple of 102?
False
Is 319678 even?
True
Does 50 divide 5395700?
True
Is 58 a factor of 455300?
True
Is 13 a factor of 4280625?
False
Is 10670208 a multiple of 2368?
True
Is 2199888 a multiple of 36?
True
Is 82 a factor of 1058117?
False
Is 30 a factor of 137127?
False
Is 76 a factor of 874076?
True
Does 15 divide 354299?
False
Does 217 divide 48534?
False
Is 625808 a multiple of 13?
False
Is 9825240 a multiple of 984?
True
Is 15 a factor of 8790180?
True
Is 892869 a multiple of 6?
False
Is 142 a factor of 368348?
True
Is 771246 a multiple of 304?
False
Is 1629258 a multiple of 82?
True
Does 3 divide 747052?
False
Is 12102810 a multiple of 499?
False
Is 169 a factor of 3629613?
True
Is 2693753 a multiple of 15?
False
Is 30858 a multiple of 6?
True
Is 11 a factor of 272602?
True
Is 851277 a multiple of 49?
True
Is 283100 a multiple of 95?
True
Is 47 a factor of 3302455?
True
Is 1930696 a multiple of 8?
True
Does 11 divide 14159373?
False
Does 1044 divide 5434020?
True
Does 24 divide 6552?
True
Is 148 a factor of 258852?
True
Is 22 a factor of 404558?
True
Is 434992 a multiple of 496?
True
Does 90 divide 628540?
False
Is 9 a factor of 127818?
True
Does 9 divide 34045?
False
Is 8853236 a multiple of 28?
True
Is 77655 a multiple of 15?
True
Does 69 divide 239982?
True
Is 172 a factor of 1122988?
True
Is 3620336 a multiple of 304?
True
Is 2129176 a multiple of 28?
True
Is 539254 a multiple of 14?
False
Is 8872393 a multiple of 15?
False
Is 958544 a multiple of 431?
True
Is 113 a factor of 420970?
False
Is 4276982 a multiple of 11?
False
Does 14 divide 365708?
True
Is 168 a factor of 2611734?
False
Does 56 divide 24248?
True
Does 13 divide 7012382?
True
Is 148692 even?
True
Is 1642540 a multiple of 170?
True
Is 315587 a multiple of 25?
False
Does 66 divide 1535582?
False
Does 7 divide 101269?
True
Is 96 a factor of 128847?
False
Does 4 divide 6697?
False
Is 35 a factor of 7002519?
False
Is 44831 a multiple of 9?
False
Does 190 divide 599070?
True
Is 2169447 a multiple of 213?
False
Is 41 a factor of 6876?
False
Is 1061839 a multiple of 40?
False
Does 22 divide 258981?
False
Is 448727 a multiple of 14?
False
Does 66 divide 3664381?
False
Is 22 a factor of 3171607?
False
Is 2 a factor of 56051?
False
Does 1177 divide 20130089?
False
Is 421953 a multiple of 283?
True
Is 1089016 a multiple of 394?
True
Does 52 divide 152932?
True
Is 17 a factor of 1297714?
False
Is 14137656 a multiple of 52?
True
Is 5 a factor of 114636?
False
Does 340 divide 293080?
True
Is 5610560 a multiple of 197?
True
Is 400824 a multiple of 114?
True
Does 99 divide 11106713?
False
Is 104 a factor of 381264?
True
Does 23 divide 6158774?
False
Is 69680 a multiple of 351?
False
Does 39 divide 59280?
True
Does 24 divide 210816?
True
Is 42 a factor of 663264?
True
Is 5 a factor of 5278072?
False
Is 97 a factor of 72675?
False
Is 24809310 a multiple of 10?
True
Is 2967695 a multiple of 622?
False
Is 166476 a multiple of 282?
False
Is 346 a factor of 1371220?
False
Does 44 divide 655160?
True
Is 2 a factor of 934435?
False
Does 112 divide 504456?
False
Does 83 divide 779702?
True
Is 182 a factor of 321412?
True
Is 49 a factor of 913083?
False
Is 488543 a multiple of 11?
True
Is 1309071 a multiple of 10?
False
Is 308870 a multiple of 67?
True
Does 827 divide 2856627?
False
Does 39 divide 75904?
False
Is 134 a factor of 45292?
True
Does 47 divide 70678?
False
Is 137270 a multiple of 185?
True
Does 36 divide 1247?
False
Is 5 a factor of 454830?
True
Does 181 divide 70168?
False
Does 171 divide 599521?
False
Is 12 a factor of 81658?
False
Does 179 divide 5771497?
True
Is 29 a factor of 3171292?
False
Is 601 a factor of 1445867?
False
Does 16 divide 180535?
False
Is 342110 a multiple of 16?
False
Does 40 divide 221624?
False
Does 593 divide 2223157?
True
Is 27 a factor of 275264?
False
Does 345 divide 2735059?
False
Is 136895 a multiple of 31?
False
Does 78 divide 456768?
True
Is 223902 a multiple of 10?
False
Is 9964911 a multiple of 691?
True
Is 40202 a multiple of 6?
False
Is 59 a factor of 172398?
True
Is 97722 a multiple of 183?
True
Is 114266 a multiple of 134?
False
Is 113 a factor of 7694283?
True
Is 4124306 a multiple of 348?
False
Is 128 a factor of 202240?
True
Is 16 a factor of 68016?
True
Is 10619609 a multiple of 1001?
True
Does 167 divide 71848?
False
Does 9 divide 112752?
True
Is 858454 a multiple of 18?
False
Is 47600 a multiple of 50?
True
Is 532837 a multiple of 37?
True
Is 130617 a multiple of 88?
False
Is 74758 a multiple of 6?
False
Does 329 divide 2761044?
False
Is 9 a factor of 527382?
True
Is 6711156 a multiple of 17?
False
Is 47 a factor of 21557?
False
Is 67 a factor of 2880775?
False
Is 4 a factor of 2136?
True
Is 176 a factor of 103885?
False
Does 15 divide 6438040?
False
Is 624450 a multiple of 6?
True
Does 19 divide 843832?
False
Is 14 a factor of 6651554?
True
Is 4 a factor of 3110530?
False
Is 962686 a multiple of 3?
False
Does 28 divide 318752?
True
Is 317 a factor of 2245747?
False
Does 162 divide 667116?
True
Is 28 a factor of 224042?
False
Is 5084602 a multiple of 21?
False
Is 3 a factor of 16236?
True
Is 4268102 a multiple of 27?
False
Does 40 divide 5491120?
True
Is 19 a factor of 2564354?
True
Does 39 divide 1966458?
True
Is 90 a factor of 125640?
True
Is 239 a factor of 75986?
False
Is 41 a multiple of 15?
False
Is 343281 a multiple of 108?
False
Does 30 divide 244197?
False
Is 68 a factor of 221464?
False
Is 